
{"id":15,"date":"2017-11-20T13:44:34","date_gmt":"2017-11-20T13:44:34","guid":{"rendered":"http:\/\/www.glems-technik.de\/?page_id=15"},"modified":"2026-02-04T10:25:15","modified_gmt":"2026-02-04T10:25:15","slug":"startseite","status":"publish","type":"page","link":"https:\/\/www.glems-technik.de\/","title":{"rendered":"Startseite"},"content":{"rendered":"<p>&nbsp;<\/p>\n<div class=\"container\">\n<p><!--\n\n\n<div class=\"row\">\n\n\n<div class=\"col-md-12\" style=\"text-align:center;\"><img decoding=\"async\" src=\"https:\/\/www.glems-technik.de\/wp-content\/uploads\/2018\/05\/image002.jpg\"><\/div>\n\n\n<\/div>\n\n\n&nbsp;\n\n&nbsp;\n\n\n<div class=\"row\">\n\n\n<div class=\"col-md-12\">\n\n\n<h2 class=\"headline\"> Partner<\/h2>\n\n\n<\/div>\n\n\n<\/div>\n\n\n--><\/p>\n<div class=\"row\">\n<div class=\"col-md-12\"><img decoding=\"async\" class=\"img-responsive\" src=\"https:\/\/www.glems-technik.de\/wp-content\/uploads\/2018\/04\/logo-partner-1.png\" \/><\/div>\n<\/div>\n<\/div>\n<p>&nbsp;<\/p>\n<p><!-- Urlaubsmeldung --><br \/>\n<!-- \n\n<div class=\"container\">\n\n\n<div class=\"row\" style=\"padding:0 30px;\">\n\n\n<div class=\"col-md-12\" style=\"background:#ffffff; border-radius:10px; box-shadow:0 0 10px rgba(0,0,0,0.5);\">\n\n\n<div class=\"col-md-4\" style=\"text-align:center;\"><img decoding=\"async\" src=\"https:\/\/www.glems-technik.de\/wp-content\/uploads\/2025\/12\/weihnachtskranz.jpg\" alt=\"Weihnachtskranz\" style=\"max-width:100%;\" \/><\/div>\n\n\n\n\n<div class=\"col-md-8\" style=\"font-size:22px; padding:30px 30px 10px 30px;\">\n\n\n<p style=\"margin-bottom:20px;\"><strong>Wir w\u00fcnschen Ihnen frohe Weihnachten\nund einen guten Rutsch in das neue Jahr!<\/strong><\/p>\n\n\n\n\n\n<p style=\"margin-bottom:20px;\">Bitte beachten Sie unsere \u00d6ffnungszeiten \u00fcber die Feiertage:<\/p>\n\n\n\n\n\n<p style=\"margin-bottom:20px;\">Vom <strong>22.12.2025<\/strong> bis zum <strong>06.01.2026<\/strong> haben wir geschlossen.\nAb dem <strong>07.01.2026<\/strong> sind wir wieder wie gewohnt f\u00fcr Sie da.<\/p>\n\n\n\n\n\n<p style=\"margin-bottom:20px;\">Ihr Glems-Technik Team<\/p>\n\n\n<\/div>\n\n\n<\/div>\n\n\n<\/div>\n\n\n<\/div>\n\n\n--><\/p>\n<div class=\"container\">\n<div class=\"row\">\n<div class=\"col-md-12\">\n<h2 class=\"headline\">Seit 40 Jahren Generalvertreter und<br \/>\nDistributor in der K\u00e4ltetechnik<\/h2>\n<\/div>\n<\/div>\n<\/div>\n<p>&nbsp;<\/p>\n<div class=\"container\">\n<div class=\"row\">\n<div class=\"col-md-6\">Mit Erfahrung, Zuverl\u00e4ssigkeit und gro\u00dfem Engagement ist Glems-Technik seit fast 40 Jahren Generalvertreter und Distributor in der K\u00e4ltetechnik. Neben qualitativ hochwertigen Produkten ist unser umfassender Service eine der S\u00e4ulen f\u00fcr den Unternehmenserfolg.<br \/>\nUnsere Produkte zeichnen sich durch hohe Zuverl\u00e4ssigkeit und Wirtschaftlichkeit aus.<br \/>\nDiese Eigenschaften sind Garanten f\u00fcr unseren Unternehmenserfolg im Zusammenspiel mit unseren langj\u00e4hrigen Partnern und Lieferanten wie z.B. LuVe Contardo als Hersteller von Stahlverfl\u00fcssigern und Verdampfern seit 1965.<\/div>\n<div class=\"col-md-6\">Seit 2012 haben wir in einer einzigartigen Zusammenarbeit f\u00fcr unseren Gesch\u00e4ftspartner Tecumseh \/ L\u2019Unite\u0301 den OEM-Vertrieb in Deutschland, \u00d6sterreich und in der Schweiz u\u0308bernommen. Bereits seit 1937 steht der Name Tecumseh f\u00fcr besonders hochwertige Produkte in der K\u00e4lte- und Klimatechnik.<br \/>\nAls einziger Hersteller bietet Tecumseh Hubkolbenverdichter, Rollkolben- und Scroll-Technologie an. So erhalten Sie bei Glems-Technik f\u00fcr jede Anforderung die idealen Kompressoren und Aggregate.<br \/>\n<strong>Profitieren auch Sie von unserer Erfahrung.<\/strong><\/div>\n<\/div>\n<\/div>\n<div class=\"container\">\n<div class=\"row\">\n<div class=\"col-md-12\">\n<h2 class=\"headline\">Komponenten f\u00fcr die K\u00e4ltetechnik<\/h2>\n<\/div>\n<\/div>\n<\/div>\n\n<div class=\"container\"><!--<h2 class=\"featurette-heading animation_focus_2 title_paddings\">Unsere Bereiche<\/h2>-->\n <h2 class='headline'><\/h2><p class='headline'><\/p>            <div class=\"row\" style=\"border:0px solid black;\">\n            \t\t\t\n\t<div class=\"col-md-3 start_kacheln col-xs-6\"> \n     <div class=\"thumbnail equal_height\">\n \t\t<img decoding=\"async\" style=\"width:100%;\" src=\"https:\/\/www.glems-technik.de\/wp-content\/uploads\/2017\/11\/thumb_ventilatoren.png\" alt=\"\" >\n\t\t<div class=\"caption\">\n\t\t<h3>Ventilatoren<\/h3>\t\t \n\t\t                \t\t\n\t\t\t\t\n\t\t\n\t\t\n\t\t\n<div style='min-height:45px; width:100%;'>\n\t\t<div class='button_bottom' >\n\t<a class=\"btn btn-default\" href=\"http:\/\/www.glems-technik.de\/?cat=5\" >\u00bb mehr Information<\/a>\n\t<\/div><\/div>\n\n    \t<\/div>\n    <\/div>   \n<\/div>\n             \t\t\t\n\t<div class=\"col-md-3 start_kacheln col-xs-6\"> \n     <div class=\"thumbnail equal_height\">\n \t\t<img decoding=\"async\" style=\"width:100%;\" src=\"https:\/\/www.glems-technik.de\/wp-content\/uploads\/2017\/11\/thumb_pumpen.png\" alt=\"\" >\n\t\t<div class=\"caption\">\n\t\t<h3>Pumpen &#038; R\u00fchrwerksmotoren<\/h3>\t\t \n\t\t                \t\t\n\t\t\t\t\n\t\t\n\t\t\n\t\t\n<div style='min-height:45px; width:100%;'>\n\t\t<div class='button_bottom' >\n\t<a class=\"btn btn-default\" href=\"http:\/\/www.glems-technik.de\/?cat=7\" >\u00bb mehr Information<\/a>\n\t<\/div><\/div>\n\n    \t<\/div>\n    <\/div>   \n<\/div>\n             \t\t\t\n\t<div class=\"col-md-3 start_kacheln col-xs-6\"> \n     <div class=\"thumbnail equal_height\">\n \t\t<img decoding=\"async\" style=\"width:100%;\" src=\"https:\/\/www.glems-technik.de\/wp-content\/uploads\/2017\/11\/thumb_waermetauscher.png\" alt=\"\" >\n\t\t<div class=\"caption\">\n\t\t<h3>W\u00e4rmetauscher<\/h3>\t\t \n\t\t                \t\t\n\t\t\t\t\n\t\t\n\t\t\n\t\t\n<div style='min-height:45px; width:100%;'>\n\t\t<div class='button_bottom' >\n\t<a class=\"btn btn-default\" href=\"http:\/\/www.glems-technik.de\/?cat=6\" >\u00bb mehr Information<\/a>\n\t<\/div><\/div>\n\n    \t<\/div>\n    <\/div>   \n<\/div>\n             \t\t\t\n\t<div class=\"col-md-3 start_kacheln col-xs-6\"> \n     <div class=\"thumbnail equal_height\">\n \t\t<img decoding=\"async\" style=\"width:100%;\" src=\"https:\/\/www.glems-technik.de\/wp-content\/uploads\/2017\/11\/thumb_zubehoer.png\" alt=\"\" >\n\t\t<div class=\"caption\">\n\t\t<h3>Zubeh\u00f6r<\/h3>\t\t \n\t\t                \t\t\n\t\t\t\t\n\t\t\n\t\t\n\t\t\n<div style='min-height:45px; width:100%;'>\n\t\t<div class='button_bottom' >\n\t<a class=\"btn btn-default\" href=\"http:\/\/www.glems-technik.de\/?cat=8\" >\u00bb mehr Information<\/a>\n\t<\/div><\/div>\n\n    \t<\/div>\n    <\/div>   \n<\/div>\n                  \n                <\/div>  \n                      \n         <\/div>\n<p>&nbsp;<\/p>\n<p>&nbsp;<\/p>\n<div class=\"container\">\n<div class=\"row\">\n<h2 class=\"headline\">So erreichen Sie uns<\/h2>\n<\/div>\n<div class=\"col-md-6 kontakt_right\"><strong>Glems-Technik GmbH<\/strong><br \/>\nGustav-Siegle-Stra\u00dfe 8<br \/>\nD &#8211; 71254 Ditzingen<\/div>\n<div class=\"col-md-6 kontakt\">Fon: +49 7156-9631-0<br \/>\nMail: <a href=\"https:\/\/www.glems-technik.de\/?page_id=7\" style=\"color:#000000;\">kontakt@glems-technik.de<\/a><\/div>\n<div class=\"col-md-12 oeffnungszeiten\" style=\"margin-top:20px;\">\n<div class=\"col-md-6 text-align-right-mobil\"><strong>\u00d6ffnungszeiten:<\/strong><\/div>\n<div class=\"col-md-6\">\nMontag \u2013 Donnerstag:<br \/>\n8:00 \u2013 12.30 und 13:00 \u2013 16:30 Uhr<\/p>\n<p>Freitag:<br \/>\n8:00 \u2013 12.30 und 13:00 \u2013 15:00 Uhr\n<\/p><\/div>\n<div class=\"col-md-6 text-align-right-mobil\"><strong>Anlieferzeit:<\/strong><\/div>\n<div class=\"col-md-6\">\nMontag \u2013 Donnerstag:<br \/>\n8:00 \u2013 12.00 und 13:00 \u2013 16:00 Uhr<\/p>\n<p>Freitag:<br \/>\n8:00 \u2013 12.00 und 13:00 \u2013 14:30 Uhr<\/p><\/div>\n<\/div>\n<\/div>\n","protected":false},"excerpt":{"rendered":"&nbsp; &nbsp; Seit 40 Jahren Generalvertreter und Distributor in der K\u00e4ltetechnik &nbsp; Mit Erfahrung, Zuverl\u00e4ssigkeit und gro\u00dfem Engagement ist Glems-Technik seit fast 40 Jahren Generalvertreter und Distributor in der K\u00e4ltetechnik. Neben qualitativ hochwertigen Produkten ist unser umfassender Service eine der S\u00e4ulen f\u00fcr den Unternehmenserfolg. Unsere Produkte zeichnen sich durch hohe Zuverl\u00e4ssigkeit und Wirtschaftlichkeit aus. Diese [&hellip;]","protected":false},"author":1,"featured_media":0,"parent":0,"menu_order":0,"comment_status":"closed","ping_status":"closed","template":"home.php","meta":{"_acf_changed":false,"footnotes":""},"class_list":["post-15","page","type-page","status-publish","hentry"],"acf":[],"yoast_head":"<!-- This site is optimized with the Yoast SEO plugin v26.6 - https:\/\/yoast.com\/wordpress\/plugins\/seo\/ -->\n<title>Startseite - Komponenten f\u00fcr die K\u00e4ltetechnik<\/title>\n<meta name=\"robots\" content=\"index, follow, max-snippet:-1, max-image-preview:large, max-video-preview:-1\" \/>\n<link rel=\"canonical\" href=\"https:\/\/www.glems-technik.de\/\" \/>\n<meta property=\"og:locale\" content=\"de_DE\" \/>\n<meta property=\"og:type\" content=\"article\" \/>\n<meta property=\"og:title\" content=\"Startseite - Komponenten f\u00fcr die K\u00e4ltetechnik\" \/>\n<meta property=\"og:description\" content=\"&nbsp; &nbsp; Seit 40 Jahren Generalvertreter und Distributor in der K\u00e4ltetechnik &nbsp; Mit Erfahrung, Zuverl\u00e4ssigkeit und gro\u00dfem Engagement ist Glems-Technik seit fast 40 Jahren Generalvertreter und Distributor in der K\u00e4ltetechnik. Neben qualitativ hochwertigen Produkten ist unser umfassender Service eine der S\u00e4ulen f\u00fcr den Unternehmenserfolg. Unsere Produkte zeichnen sich durch hohe Zuverl\u00e4ssigkeit und Wirtschaftlichkeit aus. Diese [&hellip;]\" \/>\n<meta property=\"og:url\" content=\"https:\/\/www.glems-technik.de\/\" \/>\n<meta property=\"og:site_name\" content=\"Komponenten f\u00fcr die K\u00e4ltetechnik\" \/>\n<meta property=\"article:modified_time\" content=\"2026-02-04T10:25:15+00:00\" \/>\n<meta property=\"og:image\" content=\"https:\/\/www.glems-technik.de\/wp-content\/uploads\/2018\/05\/image002.jpg\" \/>\n<meta name=\"twitter:card\" content=\"summary_large_image\" \/>\n<meta name=\"twitter:label1\" content=\"Gesch\u00e4tzte Lesezeit\" \/>\n\t<meta name=\"twitter:data1\" content=\"2\u00a0Minuten\" \/>\n<script type=\"application\/ld+json\" class=\"yoast-schema-graph\">{\"@context\":\"https:\/\/schema.org\",\"@graph\":[{\"@type\":\"WebPage\",\"@id\":\"https:\/\/www.glems-technik.de\/\",\"url\":\"https:\/\/www.glems-technik.de\/\",\"name\":\"Startseite - Komponenten f\u00fcr die K\u00e4ltetechnik\",\"isPartOf\":{\"@id\":\"https:\/\/www.glems-technik.de\/#website\"},\"primaryImageOfPage\":{\"@id\":\"https:\/\/www.glems-technik.de\/#primaryimage\"},\"image\":{\"@id\":\"https:\/\/www.glems-technik.de\/#primaryimage\"},\"thumbnailUrl\":\"https:\/\/www.glems-technik.de\/wp-content\/uploads\/2018\/05\/image002.jpg\",\"datePublished\":\"2017-11-20T13:44:34+00:00\",\"dateModified\":\"2026-02-04T10:25:15+00:00\",\"breadcrumb\":{\"@id\":\"https:\/\/www.glems-technik.de\/#breadcrumb\"},\"inLanguage\":\"de\",\"potentialAction\":[{\"@type\":\"ReadAction\",\"target\":[\"https:\/\/www.glems-technik.de\/\"]}]},{\"@type\":\"ImageObject\",\"inLanguage\":\"de\",\"@id\":\"https:\/\/www.glems-technik.de\/#primaryimage\",\"url\":\"https:\/\/www.glems-technik.de\/wp-content\/uploads\/2018\/05\/image002.jpg\",\"contentUrl\":\"https:\/\/www.glems-technik.de\/wp-content\/uploads\/2018\/05\/image002.jpg\",\"width\":468,\"height\":60},{\"@type\":\"BreadcrumbList\",\"@id\":\"https:\/\/www.glems-technik.de\/#breadcrumb\",\"itemListElement\":[{\"@type\":\"ListItem\",\"position\":1,\"name\":\"Startseite\",\"item\":\"https:\/\/www.glems-technik.de\/\"},{\"@type\":\"ListItem\",\"position\":2,\"name\":\"Startseite\"}]},{\"@type\":\"WebSite\",\"@id\":\"https:\/\/www.glems-technik.de\/#website\",\"url\":\"https:\/\/www.glems-technik.de\/\",\"name\":\"Komponenten f\u00fcr die K\u00e4ltetechnik\",\"description\":\"Komponenten f\u00fcr die K\u00e4ltetechnik\",\"potentialAction\":[{\"@type\":\"SearchAction\",\"target\":{\"@type\":\"EntryPoint\",\"urlTemplate\":\"https:\/\/www.glems-technik.de\/?s={search_term_string}\"},\"query-input\":{\"@type\":\"PropertyValueSpecification\",\"valueRequired\":true,\"valueName\":\"search_term_string\"}}],\"inLanguage\":\"de\"}]}<\/script>\n<!-- \/ Yoast SEO plugin. -->","yoast_head_json":{"title":"Startseite - Komponenten f\u00fcr die K\u00e4ltetechnik","robots":{"index":"index","follow":"follow","max-snippet":"max-snippet:-1","max-image-preview":"max-image-preview:large","max-video-preview":"max-video-preview:-1"},"canonical":"https:\/\/www.glems-technik.de\/","og_locale":"de_DE","og_type":"article","og_title":"Startseite - Komponenten f\u00fcr die K\u00e4ltetechnik","og_description":"&nbsp; &nbsp; Seit 40 Jahren Generalvertreter und Distributor in der K\u00e4ltetechnik &nbsp; Mit Erfahrung, Zuverl\u00e4ssigkeit und gro\u00dfem Engagement ist Glems-Technik seit fast 40 Jahren Generalvertreter und Distributor in der K\u00e4ltetechnik. Neben qualitativ hochwertigen Produkten ist unser umfassender Service eine der S\u00e4ulen f\u00fcr den Unternehmenserfolg. Unsere Produkte zeichnen sich durch hohe Zuverl\u00e4ssigkeit und Wirtschaftlichkeit aus. Diese [&hellip;]","og_url":"https:\/\/www.glems-technik.de\/","og_site_name":"Komponenten f\u00fcr die K\u00e4ltetechnik","article_modified_time":"2026-02-04T10:25:15+00:00","og_image":[{"url":"https:\/\/www.glems-technik.de\/wp-content\/uploads\/2018\/05\/image002.jpg","type":"","width":"","height":""}],"twitter_card":"summary_large_image","twitter_misc":{"Gesch\u00e4tzte Lesezeit":"2\u00a0Minuten"},"schema":{"@context":"https:\/\/schema.org","@graph":[{"@type":"WebPage","@id":"https:\/\/www.glems-technik.de\/","url":"https:\/\/www.glems-technik.de\/","name":"Startseite - Komponenten f\u00fcr die K\u00e4ltetechnik","isPartOf":{"@id":"https:\/\/www.glems-technik.de\/#website"},"primaryImageOfPage":{"@id":"https:\/\/www.glems-technik.de\/#primaryimage"},"image":{"@id":"https:\/\/www.glems-technik.de\/#primaryimage"},"thumbnailUrl":"https:\/\/www.glems-technik.de\/wp-content\/uploads\/2018\/05\/image002.jpg","datePublished":"2017-11-20T13:44:34+00:00","dateModified":"2026-02-04T10:25:15+00:00","breadcrumb":{"@id":"https:\/\/www.glems-technik.de\/#breadcrumb"},"inLanguage":"de","potentialAction":[{"@type":"ReadAction","target":["https:\/\/www.glems-technik.de\/"]}]},{"@type":"ImageObject","inLanguage":"de","@id":"https:\/\/www.glems-technik.de\/#primaryimage","url":"https:\/\/www.glems-technik.de\/wp-content\/uploads\/2018\/05\/image002.jpg","contentUrl":"https:\/\/www.glems-technik.de\/wp-content\/uploads\/2018\/05\/image002.jpg","width":468,"height":60},{"@type":"BreadcrumbList","@id":"https:\/\/www.glems-technik.de\/#breadcrumb","itemListElement":[{"@type":"ListItem","position":1,"name":"Startseite","item":"https:\/\/www.glems-technik.de\/"},{"@type":"ListItem","position":2,"name":"Startseite"}]},{"@type":"WebSite","@id":"https:\/\/www.glems-technik.de\/#website","url":"https:\/\/www.glems-technik.de\/","name":"Komponenten f\u00fcr die K\u00e4ltetechnik","description":"Komponenten f\u00fcr die K\u00e4ltetechnik","potentialAction":[{"@type":"SearchAction","target":{"@type":"EntryPoint","urlTemplate":"https:\/\/www.glems-technik.de\/?s={search_term_string}"},"query-input":{"@type":"PropertyValueSpecification","valueRequired":true,"valueName":"search_term_string"}}],"inLanguage":"de"}]}},"_links":{"self":[{"href":"https:\/\/www.glems-technik.de\/index.php?rest_route=\/wp\/v2\/pages\/15","targetHints":{"allow":["GET"]}}],"collection":[{"href":"https:\/\/www.glems-technik.de\/index.php?rest_route=\/wp\/v2\/pages"}],"about":[{"href":"https:\/\/www.glems-technik.de\/index.php?rest_route=\/wp\/v2\/types\/page"}],"author":[{"embeddable":true,"href":"https:\/\/www.glems-technik.de\/index.php?rest_route=\/wp\/v2\/users\/1"}],"replies":[{"embeddable":true,"href":"https:\/\/www.glems-technik.de\/index.php?rest_route=%2Fwp%2Fv2%2Fcomments&post=15"}],"version-history":[{"count":138,"href":"https:\/\/www.glems-technik.de\/index.php?rest_route=\/wp\/v2\/pages\/15\/revisions"}],"predecessor-version":[{"id":11207,"href":"https:\/\/www.glems-technik.de\/index.php?rest_route=\/wp\/v2\/pages\/15\/revisions\/11207"}],"wp:attachment":[{"href":"https:\/\/www.glems-technik.de\/index.php?rest_route=%2Fwp%2Fv2%2Fmedia&parent=15"}],"curies":[{"name":"wp","href":"https:\/\/api.w.org\/{rel}","templated":true}]}}